{"id":1796,"date":"2024-01-25T18:08:56","date_gmt":"2024-01-25T16:08:56","guid":{"rendered":"https:\/\/erasmus.eoiestepona.org\/?page_id=1796"},"modified":"2024-01-25T18:13:20","modified_gmt":"2024-01-25T16:13:20","slug":"socios-de-la-eoi-estepona","status":"publish","type":"page","link":"https:\/\/erasmus.eoiestepona.org\/?page_id=1796","title":{"rendered":"Socios de la EOI Estepona"},"content":{"rendered":"<p>\u00a1Bienvenidos a la comunidad internacional de la Escuela Oficial de Idiomas de Estepona!<\/p>\n<p>Nos enorgullece presentar a nuestros estimados socios europeos, quienes colaboran estrechamente con nosotros para enriquecer la experiencia educativa y cultural de nuestros estudiantes. A trav\u00e9s de alianzas estrat\u00e9gicas con instituciones educativas destacadas en Europa, fomentamos el intercambio de conocimientos, promovemos la diversidad ling\u00fc\u00edstica y cultural, y brindamos oportunidades \u00fanicas de aprendizaje.<\/p>\n<p>Estos v\u00ednculos internacionales fortalecen nuestro compromiso de ofrecer una educaci\u00f3n de calidad que prepara a nuestros alumnos para un mundo cada vez m\u00e1s globalizado. Juntos, exploramos nuevas perspectivas, compartimos metodolog\u00edas innovadoras y celebramos la riqueza de la diversidad que caracteriza a nuestra comunidad educativa. \u00a1\u00danete a nosotros en este apasionante viaje de aprendizaje intercultural!<\/p>\n<p>&nbsp;<\/p>\n<p><iframe loading=\"lazy\" src=\"https:\/\/www.google.com\/maps\/d\/embed?mid=1T_7j4UtxDFPxhSd9We0uoytFVanA_s8&amp;hl=es-419&amp;ehbc=2E312F\" width=\"1280\" height=\"960\"><\/iframe><\/p>\n<p>&nbsp;<\/p>\n","protected":false},"excerpt":{"rendered":"<p>\u00a1Bienvenidos a la comunidad internacional de la Escuela Oficial de Idiomas de Estepona! Nos enorgullece presentar a nuestros estimados socios europeos, quienes colaboran estrechamente con nosotros para enriquecer la experiencia educativa y cultural de nuestros estudiantes. A trav\u00e9s de alianzas estrat\u00e9gicas con instituciones educativas destacadas en Europa, fomentamos el intercambio de conocimientos, promovemos la diversidad [&hellip;]<\/p>\n","protected":false},"author":1,"featured_media":0,"parent":0,"menu_order":0,"comment_status":"closed","ping_status":"closed","template":"","meta":{"footnotes":""},"class_list":["post-1796","page","type-page","status-publish","hentry"],"_links":{"self":[{"href":"https:\/\/erasmus.eoiestepona.org\/index.php?rest_route=\/wp\/v2\/pages\/1796","targetHints":{"allow":["GET"]}}],"collection":[{"href":"https:\/\/erasmus.eoiestepona.org\/index.php?rest_route=\/wp\/v2\/pages"}],"about":[{"href":"https:\/\/erasmus.eoiestepona.org\/index.php?rest_route=\/wp\/v2\/types\/page"}],"author":[{"embeddable":true,"href":"https:\/\/erasmus.eoiestepona.org\/index.php?rest_route=\/wp\/v2\/users\/1"}],"replies":[{"embeddable":true,"href":"https:\/\/erasmus.eoiestepona.org\/index.php?rest_route=%2Fwp%2Fv2%2Fcomments&post=1796"}],"version-history":[{"count":4,"href":"https:\/\/erasmus.eoiestepona.org\/index.php?rest_route=\/wp\/v2\/pages\/1796\/revisions"}],"predecessor-version":[{"id":1802,"href":"https:\/\/erasmus.eoiestepona.org\/index.php?rest_route=\/wp\/v2\/pages\/1796\/revisions\/1802"}],"wp:attachment":[{"href":"https:\/\/erasmus.eoiestepona.org\/index.php?rest_route=%2Fwp%2Fv2%2Fmedia&parent=1796"}],"curies":[{"name":"wp","href":"https:\/\/api.w.org\/{rel}","templated":true}]}}