{"id":5243,"date":"2026-03-24T21:28:49","date_gmt":"2026-03-24T19:28:49","guid":{"rendered":"https:\/\/erasmus.eoiestepona.org\/?page_id=5243"},"modified":"2026-04-09T17:24:50","modified_gmt":"2026-04-09T15:24:50","slug":"cpia-napoli-citta-2-movilidad-de-estudiantes-adultos","status":"publish","type":"page","link":"https:\/\/erasmus.eoiestepona.org\/?page_id=5243","title":{"rendered":"CPIA Napoli Citt\u00e0 2 \u2013 movilidad de estudiantes adultos"},"content":{"rendered":"<p data-start=\"82\" data-end=\"308\">Durante la semana del <strong data-start=\"104\" data-end=\"125\">23 al 27 de marzo<\/strong>, nuestros alumnos <strong data-start=\"144\" data-end=\"175\">Roxana, Juan Andr\u00e9s y Jorge<\/strong>, estudiantes de ingl\u00e9s de la <strong data-start=\"205\" data-end=\"221\">EOI Estepona<\/strong>, han participado en una experiencia \u00fanica en el <strong data-start=\"270\" data-end=\"302\">CPIA Napoli Citt\u00e0 2 (Italia).<\/strong><\/p>\n<p data-start=\"310\" data-end=\"708\">Se trataba de una semana muy especial, ya que coincidieron con alumnado y profesorado procedente de distintos pa\u00edses europeos, creando un entorno internacional lleno de intercambio, aprendizaje y convivencia. A lo largo de estos d\u00edas, han participado en <strong data-start=\"564\" data-end=\"622\">clases, actividades culturales, encuentros y ponencias<\/strong> centradas en la tem\u00e1tica de <strong data-start=\"651\" data-end=\"672\">idiomas y cultura<\/strong>, eje fundamental de esta movilidad.<\/p>\n<p data-start=\"710\" data-end=\"1142\">Uno de los aspectos m\u00e1s enriquecedores ha sido el trabajo en torno al programa <strong data-start=\"789\" data-end=\"801\">Heritalk<\/strong>, desarrollado por el centro anfitri\u00f3n, que promueve el aprendizaje de lenguas a trav\u00e9s del patrimonio cultural. Gracias a este enfoque, nuestros alumnos no solo han mejorado sus competencias ling\u00fc\u00edsticas, sino que tambi\u00e9n han podido reflexionar sobre la importancia de la cultura como veh\u00edculo de comunicaci\u00f3n y entendimiento entre pueblos.<\/p>\n<p data-start=\"1144\" data-end=\"1378\">Adem\u00e1s, han tenido la oportunidad de <strong data-start=\"1181\" data-end=\"1214\">representar a la EOI Estepona<\/strong>, mostrando c\u00f3mo en nuestro centro trabajamos la ense\u00f1anza de idiomas desde una perspectiva comunicativa, abierta y vinculada a la realidad cultural de cada lengua.<\/p>\n<p data-start=\"1380\" data-end=\"1644\">M\u00e1s all\u00e1 del aula, la experiencia se ha completado con actividades culturales en la ciudad de N\u00e1poles, favoreciendo la inmersi\u00f3n ling\u00fc\u00edstica y el contacto directo con la vida cotidiana italiana, lo que ha supuesto un aprendizaje significativo y dif\u00edcil de olvidar.<\/p>\n<p data-start=\"1646\" data-end=\"1853\">Sin duda, esta movilidad ha sido una experiencia transformadora que refuerza no solo el aprendizaje de idiomas, sino tambi\u00e9n valores como la <strong data-start=\"1787\" data-end=\"1852\">convivencia, la ciudadan\u00eda europea y el respeto intercultural<\/strong>.<\/p>\n<h2 data-start=\"1646\" data-end=\"1853\">Programa<\/h2>\n<h2 data-start=\"1646\" data-end=\"1853\">D\u00eda 24 de marzo<\/h2>\n<p class=\"normal\"><span lang=\"es\">Nuestro primer d\u00eda en N\u00e1poles, Roxanna, Jorge y Juan Andres, salimos de nuestro hotel en Piazza Garibaldi y tomamos el metro en la estaci\u00f3n central hacia la estaci\u00f3n municipio. Bajamos en plaza de municipio donde se encuentra el Ayuntamiento de la ciudad de N\u00e1poles ya muy cerca del puerto. Visitamos en primer lugar el Castel Nuovo, haci\u00e9ndonos ya algunas fotos para inmortalizar el inicio de nuestra experiencia, nos dirigimos hacia la Plaza del Plebiscito, es una plaza enorme donde hab\u00eda muchos grupos de turistas, es una de las joyas de la ciudad, su estructura recuerda la Plaza De San Pedro del Vaticano. All\u00ed est\u00e1 la Bas\u00edlica de San Francesco di Paola y tambi\u00e9n el Palacio Real de N\u00e1poles. Luego nos dirigimos a la galer\u00eda Humberto I, es una galer\u00eda comercial construida en 1887 con dos pasillos en cruz y con una espectacular c\u00fapula, all\u00ed entramos en una librer\u00eda donde hicimos alguna compra de libros y tambi\u00e9n para recuerdos.<\/span><\/p>\n<p><img loading=\"lazy\" decoding=\"async\" class=\"alignright size-large wp-image-5241\" src=\"https:\/\/erasmus.eoiestepona.org\/wp-content\/uploads\/2026\/03\/WhatsApp-Image-2026-03-24-at-19.16.40-1024x1024.jpeg\" alt=\"\" width=\"1024\" height=\"1024\" srcset=\"https:\/\/erasmus.eoiestepona.org\/wp-content\/uploads\/2026\/03\/WhatsApp-Image-2026-03-24-at-19.16.40-1024x1024.jpeg 1024w, https:\/\/erasmus.eoiestepona.org\/wp-content\/uploads\/2026\/03\/WhatsApp-Image-2026-03-24-at-19.16.40-300x300.jpeg 300w, https:\/\/erasmus.eoiestepona.org\/wp-content\/uploads\/2026\/03\/WhatsApp-Image-2026-03-24-at-19.16.40-150x150.jpeg 150w, https:\/\/erasmus.eoiestepona.org\/wp-content\/uploads\/2026\/03\/WhatsApp-Image-2026-03-24-at-19.16.40-768x768.jpeg 768w, https:\/\/erasmus.eoiestepona.org\/wp-content\/uploads\/2026\/03\/WhatsApp-Image-2026-03-24-at-19.16.40-1536x1536.jpeg 1536w, https:\/\/erasmus.eoiestepona.org\/wp-content\/uploads\/2026\/03\/WhatsApp-Image-2026-03-24-at-19.16.40.jpeg 2048w\" sizes=\"auto, (max-width: 1024px) 100vw, 1024px\" \/><\/p>\n<p class=\"normal\"><span lang=\"es\">A continuaci\u00f3n, un paseo por la calle Toledo, repleta de comercio y de bullicio de gente, turistas como nosotros y tambi\u00e9n Napolitanos, conocimos el barrio espa\u00f1ol, que se caracteriza por sus calles estrechas, en cuesta y con multitud de peque\u00f1os comercios, comida local para tomar en la calle , souvenirs y mucho m\u00e1s, aqu\u00ed vivimos lo que es el caos Napolitano, bulla de gente y tr\u00e1fico sin orden y riesgo de atropello en cualquier momento, pero sobrevivimos. No nos olvidamos de pasar por el mural y el altar del Dios Napolitano, Diego Armando Maradona, que est\u00e1 presente en cualquier rinc\u00f3n de la ciudad.<\/span><\/p>\n<p class=\"normal\"><span lang=\"es\">Despu\u00e9s de comer y beber algunas delicias Napolitanas, especial menci\u00f3n a la mozzarella de b\u00fafala y a la cortes\u00eda del limoncello para acabar, dimos un paseo por la calle Spaccanapoli. Aqu\u00ed disfrutamos igualmente de las numerosas tiendas de productos locales e hicimos compras para recuerdos y regalos por doquier. <\/span><\/p>\n<p class=\"normal\"><span lang=\"es\">Por la tarde estuvimos en el Centro CPIA Napoli Citt\u00e0, all\u00ed participamos, junto con grupos de otras escuelas, en una clase con la adorable Antonella Iavarone, ella no necesita tecnolog\u00eda, le bast\u00f3 con unas fotograf\u00edas y su lenguaje corporal para darnos una clase de italiano, muy amena e integradora para todas las nacionalidades que est\u00e1bamos. All\u00ed concluimos con una simp\u00e1tica foto de todos con Antonella.<\/span><\/p>\n<p><img loading=\"lazy\" decoding=\"async\" class=\"wp-image-5244 aligncenter\" src=\"https:\/\/erasmus.eoiestepona.org\/wp-content\/uploads\/2026\/03\/WhatsApp-Image-2026-03-24-at-19.47.42-1024x768.jpeg\" alt=\"\" width=\"793\" height=\"595\" srcset=\"https:\/\/erasmus.eoiestepona.org\/wp-content\/uploads\/2026\/03\/WhatsApp-Image-2026-03-24-at-19.47.42-1024x768.jpeg 1024w, https:\/\/erasmus.eoiestepona.org\/wp-content\/uploads\/2026\/03\/WhatsApp-Image-2026-03-24-at-19.47.42-300x225.jpeg 300w, https:\/\/erasmus.eoiestepona.org\/wp-content\/uploads\/2026\/03\/WhatsApp-Image-2026-03-24-at-19.47.42-768x576.jpeg 768w, https:\/\/erasmus.eoiestepona.org\/wp-content\/uploads\/2026\/03\/WhatsApp-Image-2026-03-24-at-19.47.42-1536x1152.jpeg 1536w, https:\/\/erasmus.eoiestepona.org\/wp-content\/uploads\/2026\/03\/WhatsApp-Image-2026-03-24-at-19.47.42.jpeg 2048w\" sizes=\"auto, (max-width: 793px) 100vw, 793px\" \/><\/p>\n<p>&nbsp;<\/p>\n<h2 data-start=\"1646\" data-end=\"1853\">D\u00eda 25 de marzo<\/h2>\n<p>Empezamos la ruta nuestro segundo d\u00eda tomando el metro desde la estaci\u00f3n Garibaldi hasta la estaci\u00f3n de Toledo. En esta estaci\u00f3n pudimos apreciar un interesante decorado marino que simula el oc\u00e9ano, muy aut\u00e9ntico y embellece toda la estaci\u00f3n, la recorrimos boquiabiertos arriba y abajo, en otras palabras, sacamos rendimiento al billete.<\/p>\n<p>A la salida nos dirigimos hacia\u00a0 la Catedral o Duomo, como era temprano las calles a\u00fan estaban tranquilas, y pudimos recorrerlas a nuestras anchas a pesar de lo estrechas que son. Conocimos algunas curiosidades, como nuestra parada en el Busto de Pulcinella, la leyenda dice que si frotas su nariz tienes asegurada la vuelta a la ciudad de N\u00e1poles, con lo cual nos dispusimos a cumplir con el rito.<\/p>\n<p>\u200bAdem\u00e1s nos acreditamos con muchas fotos propias y del grupo en este lugar.<\/p>\n<p>Entramos en el Duomo y apreciamos su belleza y bajamos a la cripta donde se encuentran los restos y reliquias del patr\u00f3n de la ciudad de N\u00e1poles, San Gennaro. Luego continuamos el recorrido por distintas calles, la\u00a0 Via S. Gregorio Armeno, donde se re\u00fanen multitud de comercios dedicados a las piezas artesanales, de todos los tama\u00f1os, para belenes.<\/p>\n<p>\u200bAntes de comer hicimos una visita cultural al Monasterio de Santa Clara (Chiara), posee un claustro repleto de \u00e1rboles limoneros y columnas de m\u00e1rmol, muy digno de la visita.<\/p>\n<p>En la comida disfrutamos de platos t\u00edpicos napolitanos, unos buenos espaguetis y la tradicional pizza fritta napolitana, la masa se fr\u00ede y se rellena, muy rica y muy cal\u00f3rica, la energ\u00eda que necesitamos para aprovechar al m\u00e1ximo la experiencia.<\/p>\n<p>\u200bPor la tarde acudimos al Complejo Monumental de San Domenico, nos reunimos en su aula magna las diferentes escuelas que participamos en la movilidad de Erasmus en N\u00e1poles, participamos todos en una presentaci\u00f3n de la propia ciudad de origen, aportando tambi\u00e9n en las presentaciones algunas ideas originales o buenas pr\u00e1cticas que utilizan cada una en su ense\u00f1anza de idiomas.<\/p>\n<p>\u200bContinuamos la tarde compartiendo con los compa\u00f1eros de las escuelas y tambi\u00e9n con organizadores del evento en una terraza, disfrutando del intercambio de experiencias y acompa\u00f1ados de m\u00fasica italiana y de la bebida aperitivo t\u00edpica italiana, el Spritz.<\/p>\n<p data-start=\"1646\" data-end=\"1853\"><img loading=\"lazy\" decoding=\"async\" class=\"alignright size-large wp-image-5254\" src=\"https:\/\/erasmus.eoiestepona.org\/wp-content\/uploads\/2026\/03\/WhatsApp-Image-2026-03-30-at-09.42.11-1024x1024.jpeg\" alt=\"\" width=\"1024\" height=\"1024\" srcset=\"https:\/\/erasmus.eoiestepona.org\/wp-content\/uploads\/2026\/03\/WhatsApp-Image-2026-03-30-at-09.42.11-1024x1024.jpeg 1024w, https:\/\/erasmus.eoiestepona.org\/wp-content\/uploads\/2026\/03\/WhatsApp-Image-2026-03-30-at-09.42.11-300x300.jpeg 300w, https:\/\/erasmus.eoiestepona.org\/wp-content\/uploads\/2026\/03\/WhatsApp-Image-2026-03-30-at-09.42.11-150x150.jpeg 150w, https:\/\/erasmus.eoiestepona.org\/wp-content\/uploads\/2026\/03\/WhatsApp-Image-2026-03-30-at-09.42.11-768x768.jpeg 768w, https:\/\/erasmus.eoiestepona.org\/wp-content\/uploads\/2026\/03\/WhatsApp-Image-2026-03-30-at-09.42.11-1536x1536.jpeg 1536w, https:\/\/erasmus.eoiestepona.org\/wp-content\/uploads\/2026\/03\/WhatsApp-Image-2026-03-30-at-09.42.11.jpeg 2048w\" sizes=\"auto, (max-width: 1024px) 100vw, 1024px\" \/><\/p>\n<h2 data-start=\"1646\" data-end=\"1853\">D\u00eda 26 de marzo<\/h2>\n<h2><strong>\u200bMa\u00f1ana: Encuentro y salida hacia Pompeya<\/strong><\/h2>\n<p>\u200bComenzamos quedando, como los dos d\u00edas anteriores, con los compa\u00f1eros de la <strong>EOI de Fuengirola<\/strong> en la Plaza de Giuseppe Garibaldi. Desde all\u00ed, nos dirigimos a la estaci\u00f3n central de Napoli Centro para tomar el tren.<\/p>\n<p>\u200bNuestro destino: <strong>Pompeya<\/strong>, para realizar una visita guiada a las ruinas, la cual ya ten\u00edamos contratada desde Estepona.<\/p>\n<h2><strong>\u200bLa visita a las Ruinas de Pompeya<\/strong><\/h2>\n<p>\u200bNos sorprendi\u00f3 gratamente la gran extensi\u00f3n del lugar y el excelente estado de conservaci\u00f3n que han efectuado. Es curioso observar que la estructura de la ciudad no es muy diferente a las de las ciudades espa\u00f1olas del siglo pasado.<\/p>\n<p>\u200bDurante el recorrido, observamos instalaciones fascinantes como la <strong>panader\u00eda<\/strong> y el \u00fanico horno que qued\u00f3 en pie.<\/p>\n<h3><strong>\u200bCuriosidades de la vida romana<\/strong><\/h3>\n<p>\u200bAprendimos sobre la econom\u00eda y gastronom\u00eda de la \u00e9poca:<\/p>\n<ul>\n<li>\u200b<strong>El Garum:<\/strong> El principal negocio de la ciudad era el <em>garum<\/em>, una salsa de pescado fermentado que supon\u00eda el pilar de la gastronom\u00eda romana.<\/li>\n<li>\u200b<strong>El Pan:<\/strong> Tambi\u00e9n lo elaboraban con muchas especias.<\/li>\n<\/ul>\n<p>\u200bTambi\u00e9n conocimos aspectos sociales de la ciudad. Despu\u00e9s del trabajo, los hombres sol\u00edan acudir a las casas de las prostitutas, un oficio aceptado y se\u00f1alizado por toda la ciudad. Asimismo, las <strong>termas y los ba\u00f1os<\/strong> (separados por sexos) eran un lugar habitual de sociabilidad.<br \/>\n<em><br \/>\n<\/em>\u00a0<strong>\u200bTarde: Intercambio cultural y baile<\/strong><\/p>\n<p>Por la tarde, realizamos una visita a la escuela <strong>\u00abLiceo Scientifico Linguistico Vincenzo Cuocoo &#8211; Tommaso\u00bb<\/strong>. All\u00ed hemos aprendido y practicado el baile t\u00edpico napolitano llamado <strong>\u00abTammurriata\u00bb<\/strong>.<\/p>\n<p>Para finalizar el d\u00eda, hemos tomado una merienda-aperitivo con los compa\u00f1eros de las EOI de Fuengirola, San Roque, Jerez y nuestras anfitrionas, <strong>Anabelle y Rosaria<\/strong>.<\/p>\n<p><img loading=\"lazy\" decoding=\"async\" class=\"alignright size-large wp-image-5252\" src=\"https:\/\/erasmus.eoiestepona.org\/wp-content\/uploads\/2026\/03\/WhatsApp-Image-2026-03-30-at-09.29.38-1024x1024.jpeg\" alt=\"\" width=\"1024\" height=\"1024\" srcset=\"https:\/\/erasmus.eoiestepona.org\/wp-content\/uploads\/2026\/03\/WhatsApp-Image-2026-03-30-at-09.29.38-1024x1024.jpeg 1024w, https:\/\/erasmus.eoiestepona.org\/wp-content\/uploads\/2026\/03\/WhatsApp-Image-2026-03-30-at-09.29.38-300x300.jpeg 300w, https:\/\/erasmus.eoiestepona.org\/wp-content\/uploads\/2026\/03\/WhatsApp-Image-2026-03-30-at-09.29.38-150x150.jpeg 150w, https:\/\/erasmus.eoiestepona.org\/wp-content\/uploads\/2026\/03\/WhatsApp-Image-2026-03-30-at-09.29.38-768x768.jpeg 768w, https:\/\/erasmus.eoiestepona.org\/wp-content\/uploads\/2026\/03\/WhatsApp-Image-2026-03-30-at-09.29.38-1536x1536.jpeg 1536w, https:\/\/erasmus.eoiestepona.org\/wp-content\/uploads\/2026\/03\/WhatsApp-Image-2026-03-30-at-09.29.38.jpeg 2048w\" sizes=\"auto, (max-width: 1024px) 100vw, 1024px\" \/><\/p>\n<p>&nbsp;<\/p>\n<p data-start=\"18\" data-end=\"388\">Esta experiencia en N\u00e1poles ha supuesto mucho m\u00e1s que una simple movilidad Erasmus+: ha sido una oportunidad para <strong data-start=\"132\" data-end=\"202\">aprender, compartir y crecer tanto a nivel acad\u00e9mico como personal<\/strong>. A trav\u00e9s de cada actividad, visita y encuentro, nuestros alumnos han podido comprobar de primera mano c\u00f3mo los idiomas cobran vida cuando se conectan con la cultura y con las personas.<\/p>\n<p data-start=\"390\" data-end=\"662\">El contacto con otras realidades educativas europeas, el trabajo colaborativo y la inmersi\u00f3n en el d\u00eda a d\u00eda napolitano han dejado una huella imborrable, reforzando no solo sus competencias ling\u00fc\u00edsticas, sino tambi\u00e9n su <strong data-start=\"610\" data-end=\"661\">confianza, autonom\u00eda y conciencia intercultural<\/strong>.<\/p>\n<p data-start=\"664\" data-end=\"892\" data-is-last-node=\"\" data-is-only-node=\"\">Sin duda, regresan a Estepona con una mirada m\u00e1s abierta al mundo y con el convencimiento de que aprender idiomas es, ante todo, una puerta hacia nuevas experiencias, nuevas culturas y nuevas formas de entender la realidad.<\/p>\n<h2 data-start=\"664\" data-end=\"892\">Presentaci\u00f3n<\/h2>\n<div style=\"position: relative; width: 100%; height: 0; padding-top: 56.2500%; padding-bottom: 0; box-shadow: 0 2px 8px 0 rgba(63,69,81,0.16); margin-top: 1.6em; margin-bottom: 0.9em; overflow: hidden; border-radius: 8px; will-change: transform;\"><iframe style=\"position: absolute; width: 100%; height: 100%; top: 0; left: 0; border: none; padding: 0; margin: 0;\" src=\"https:\/\/www.canva.com\/design\/DAHEeVkC5sg\/7ahU5JAIw-_D9Nb40l6iRw\/view?embed\" allowfullscreen=\"allowfullscreen\"><br \/>\n<\/iframe><\/div>\n<p><a href=\"https:\/\/www.canva.com\/design\/DAHEeVkC5sg\/7ahU5JAIw-_D9Nb40l6iRw\/view?utm_content=DAHEeVkC5sg&amp;utm_campaign=designshare&amp;utm_medium=embeds&amp;utm_source=link\" target=\"_blank\" rel=\"noopener\">EOI ESTEPONA- N\u00c1POLES<\/a> de Laura S\u00e1nchez Delgado<\/p>\n<p>&nbsp;<\/p>\n<p>&nbsp;<\/p>\n<p>&nbsp;<\/p>\n","protected":false},"excerpt":{"rendered":"<p>Durante la semana del 23 al 27 de marzo, nuestros alumnos Roxana, Juan Andr\u00e9s y Jorge, estudiantes de ingl\u00e9s de la EOI Estepona, han participado en una experiencia \u00fanica en el CPIA Napoli Citt\u00e0 2 (Italia). Se trataba de una semana muy especial, ya que coincidieron con alumnado y profesorado procedente de distintos pa\u00edses europeos, [&hellip;]<\/p>\n","protected":false},"author":1,"featured_media":0,"parent":0,"menu_order":0,"comment_status":"closed","ping_status":"closed","template":"","meta":{"footnotes":""},"class_list":["post-5243","page","type-page","status-publish","hentry"],"_links":{"self":[{"href":"https:\/\/erasmus.eoiestepona.org\/index.php?rest_route=\/wp\/v2\/pages\/5243","targetHints":{"allow":["GET"]}}],"collection":[{"href":"https:\/\/erasmus.eoiestepona.org\/index.php?rest_route=\/wp\/v2\/pages"}],"about":[{"href":"https:\/\/erasmus.eoiestepona.org\/index.php?rest_route=\/wp\/v2\/types\/page"}],"author":[{"embeddable":true,"href":"https:\/\/erasmus.eoiestepona.org\/index.php?rest_route=\/wp\/v2\/users\/1"}],"replies":[{"embeddable":true,"href":"https:\/\/erasmus.eoiestepona.org\/index.php?rest_route=%2Fwp%2Fv2%2Fcomments&post=5243"}],"version-history":[{"count":8,"href":"https:\/\/erasmus.eoiestepona.org\/index.php?rest_route=\/wp\/v2\/pages\/5243\/revisions"}],"predecessor-version":[{"id":5290,"href":"https:\/\/erasmus.eoiestepona.org\/index.php?rest_route=\/wp\/v2\/pages\/5243\/revisions\/5290"}],"wp:attachment":[{"href":"https:\/\/erasmus.eoiestepona.org\/index.php?rest_route=%2Fwp%2Fv2%2Fmedia&parent=5243"}],"curies":[{"name":"wp","href":"https:\/\/api.w.org\/{rel}","templated":true}]}}